{"version":"1.0","provider_name":"Campus Fundaci\u00f3n Unicaja","provider_url":"https:\/\/www.fundacionunicaja.com\/campus","author_name":"unicampus","author_url":"https:\/\/www.fundacionunicaja.com\/campus\/author\/unicampus\/","title":"Comienza el turno 2 de Campus Sabinillas - Campus Fundaci\u00f3n Unicaja","type":"rich","width":600,"height":338,"html":"<blockquote class=\"wp-embedded-content\" data-secret=\"CCSLOqf9iG\"><a href=\"https:\/\/www.fundacionunicaja.com\/campus\/2024\/07\/04\/comienza-el-turno-2-de-campus-sabinillas\/\">Comienza el turno 2 de Campus Sabinillas<\/a><\/blockquote><iframe sandbox=\"allow-scripts\" security=\"restricted\" src=\"https:\/\/www.fundacionunicaja.com\/campus\/2024\/07\/04\/comienza-el-turno-2-de-campus-sabinillas\/embed\/#?secret=CCSLOqf9iG\" width=\"600\" height=\"338\" title=\"\u00abComienza el turno 2 de Campus Sabinillas\u00bb \u2014 Campus Fundaci\u00f3n Unicaja\" data-secret=\"CCSLOqf9iG\" frameborder=\"0\" marginwidth=\"0\" marginheight=\"0\" scrolling=\"no\" class=\"wp-embedded-content\"><\/iframe><script>\n\/*! This file is auto-generated *\/\n!function(d,l){\"use strict\";l.querySelector&&d.addEventListener&&\"undefined\"!=typeof URL&&(d.wp=d.wp||{},d.wp.receiveEmbedMessage||(d.wp.receiveEmbedMessage=function(e){var t=e.data;if((t||t.secret||t.message||t.value)&&!\/[^a-zA-Z0-9]\/.test(t.secret)){for(var s,r,n,a=l.querySelectorAll('iframe[data-secret=\"'+t.secret+'\"]'),o=l.querySelectorAll('blockquote[data-secret=\"'+t.secret+'\"]'),c=new RegExp(\"^https?:$\",\"i\"),i=0;i<o.length;i++)o[i].style.display=\"none\";for(i=0;i<a.length;i++)s=a[i],e.source===s.contentWindow&&(s.removeAttribute(\"style\"),\"height\"===t.message?(1e3<(r=parseInt(t.value,10))?r=1e3:~~r<200&&(r=200),s.height=r):\"link\"===t.message&&(r=new URL(s.getAttribute(\"src\")),n=new URL(t.value),c.test(n.protocol))&&n.host===r.host&&l.activeElement===s&&(d.top.location.href=t.value))}},d.addEventListener(\"message\",d.wp.receiveEmbedMessage,!1),l.addEventListener(\"DOMContentLoaded\",function(){for(var e,t,s=l.querySelectorAll(\"iframe.wp-embedded-content\"),r=0;r<s.length;r++)(t=(e=s[r]).getAttribute(\"data-secret\"))||(t=Math.random().toString(36).substring(2,12),e.src+=\"#?secret=\"+t,e.setAttribute(\"data-secret\",t)),e.contentWindow.postMessage({message:\"ready\",secret:t},\"*\")},!1)))}(window,document);\n\/\/# sourceURL=https:\/\/www.fundacionunicaja.com\/campus\/wp-includes\/js\/wp-embed.min.js\n<\/script>\n","thumbnail_url":"https:\/\/www.fundacionunicaja.com\/campus\/wp-content\/uploads\/sites\/2\/2024\/07\/MG_9763-scaled-e1720083418513.jpg","thumbnail_width":2560,"thumbnail_height":1344,"description":"Damos comienzo al segundo turno de Campus Sabinillas de Fundaci\u00f3n Unicaja, los chicos y chicas participar\u00e1n en uno de los campamentos mas grandes de Espa\u00f1a. Durante estos d\u00edas, nuestros j\u00f3venes participar\u00e1n en yincanas, fiestas tematizadas, actividades multideportivas. Tras su llegada han participado en la primera velada del Campus donde han realizado numerosas actividades y pruebas [&hellip;]"}

Campus Fundación Unicaja

Comienza el turno 2 de Campus Sabinillas - Campus Fundación Unicaja

<blockquote class="wp-embedded-content" data-secret="CCSLOqf9iG"><a href="https://www.fundacionunicaja.com/campus/2024/07/04/comienza-el-turno-2-de-campus-sabinillas/">Comienza el turno 2 de Campus Sabinillas</a></blockquote><iframe sandbox="allow-scripts" security="restricted" src="https://www.fundacionunicaja.com/campus/2024/07/04/comienza-el-turno-2-de-campus-sabinillas/embed/#?secret=CCSLOqf9iG" width="600" height="338" title="«Comienza el turno 2 de Campus Sabinillas» — Campus Fundación Unicaja" data-secret="CCSLOqf9iG" frameborder="0" marginwidth="0" marginheight="0" scrolling="no" class="wp-embedded-content"></iframe><script>
/*! This file is auto-generated */
!function(d,l){"use strict";l.querySelector&&d.addEventListener&&"undefined"!=typeof URL&&(d.wp=d.wp||{},d.wp.receiveEmbedMessage||(d.wp.receiveEmbedMessage=function(e){var t=e.data;if((t||t.secret||t.message||t.value)&&!/[^a-zA-Z0-9]/.test(t.secret)){for(var s,r,n,a=l.querySelectorAll('iframe[data-secret="'+t.secret+'"]'),o=l.querySelectorAll('blockquote[data-secret="'+t.secret+'"]'),c=new RegExp("^https?:$","i"),i=0;i<o.length;i++)o[i].style.display="none";for(i=0;i<a.length;i++)s=a[i],e.source===s.contentWindow&&(s.removeAttribute("style"),"height"===t.message?(1e3<(r=parseInt(t.value,10))?r=1e3:~~r<200&&(r=200),s.height=r):"link"===t.message&&(r=new URL(s.getAttribute("src")),n=new URL(t.value),c.test(n.protocol))&&n.host===r.host&&l.activeElement===s&&(d.top.location.href=t.value))}},d.addEventListener("message",d.wp.receiveEmbedMessage,!1),l.addEventListener("DOMContentLoaded",function(){for(var e,t,s=l.querySelectorAll("iframe.wp-embedded-content"),r=0;r<s.length;r++)(t=(e=s[r]).getAttribute("data-secret"))||(t=Math.random().toString(36).substring(2,12),e.src+="#?secret="+t,e.setAttribute("data-secret",t)),e.contentWindow.postMessage({message:"ready",secret:t},"*")},!1)))}(window,document);
//# sourceURL=https://www.fundacionunicaja.com/campus/wp-includes/js/wp-embed.min.js
</script>

Damos comienzo al segundo turno de Campus Sabinillas de Fundación Unicaja, los chicos y chicas participarán en uno de los campamentos mas grandes de España. Durante estos días, nuestros jóvenes participarán en yincanas, fiestas tematizadas, actividades multideportivas. Tras su llegada han participado en la primera velada del Campus donde han realizado numerosas actividades y pruebas [&hellip;]
