{"version":"1.0","provider_name":"Campus Fundaci\u00f3n Unicaja","provider_url":"https:\/\/www.fundacionunicaja.com\/campus","author_name":"admin","author_url":"https:\/\/www.fundacionunicaja.com\/campus\/author\/admin\/","title":"\u00a1Arranca el primer turno del Campus N\u00e1utico 2023! - Campus Fundaci\u00f3n Unicaja","type":"rich","width":600,"height":338,"html":"<blockquote class=\"wp-embedded-content\" data-secret=\"Rlx6et0Pzs\"><a href=\"https:\/\/www.fundacionunicaja.com\/campus\/2023\/07\/23\/arranca-el-primer-turno-del-campus-nautico-2023\/\">\u00a1Arranca el primer turno del Campus N\u00e1utico 2023!<\/a><\/blockquote><iframe sandbox=\"allow-scripts\" security=\"restricted\" src=\"https:\/\/www.fundacionunicaja.com\/campus\/2023\/07\/23\/arranca-el-primer-turno-del-campus-nautico-2023\/embed\/#?secret=Rlx6et0Pzs\" width=\"600\" height=\"338\" title=\"\u00ab\u00a1Arranca el primer turno del Campus N\u00e1utico 2023!\u00bb \u2014 Campus Fundaci\u00f3n Unicaja\" data-secret=\"Rlx6et0Pzs\" frameborder=\"0\" marginwidth=\"0\" marginheight=\"0\" scrolling=\"no\" class=\"wp-embedded-content\"><\/iframe><script>\n\/*! This file is auto-generated *\/\n!function(d,l){\"use strict\";l.querySelector&&d.addEventListener&&\"undefined\"!=typeof URL&&(d.wp=d.wp||{},d.wp.receiveEmbedMessage||(d.wp.receiveEmbedMessage=function(e){var t=e.data;if((t||t.secret||t.message||t.value)&&!\/[^a-zA-Z0-9]\/.test(t.secret)){for(var s,r,n,a=l.querySelectorAll('iframe[data-secret=\"'+t.secret+'\"]'),o=l.querySelectorAll('blockquote[data-secret=\"'+t.secret+'\"]'),c=new RegExp(\"^https?:$\",\"i\"),i=0;i<o.length;i++)o[i].style.display=\"none\";for(i=0;i<a.length;i++)s=a[i],e.source===s.contentWindow&&(s.removeAttribute(\"style\"),\"height\"===t.message?(1e3<(r=parseInt(t.value,10))?r=1e3:~~r<200&&(r=200),s.height=r):\"link\"===t.message&&(r=new URL(s.getAttribute(\"src\")),n=new URL(t.value),c.test(n.protocol))&&n.host===r.host&&l.activeElement===s&&(d.top.location.href=t.value))}},d.addEventListener(\"message\",d.wp.receiveEmbedMessage,!1),l.addEventListener(\"DOMContentLoaded\",function(){for(var e,t,s=l.querySelectorAll(\"iframe.wp-embedded-content\"),r=0;r<s.length;r++)(t=(e=s[r]).getAttribute(\"data-secret\"))||(t=Math.random().toString(36).substring(2,12),e.src+=\"#?secret=\"+t,e.setAttribute(\"data-secret\",t)),e.contentWindow.postMessage({message:\"ready\",secret:t},\"*\")},!1)))}(window,document);\n\/\/# sourceURL=https:\/\/www.fundacionunicaja.com\/campus\/wp-includes\/js\/wp-embed.min.js\n<\/script>\n","thumbnail_url":"https:\/\/www.fundacionunicaja.com\/campus\/wp-content\/uploads\/sites\/2\/2023\/07\/WhatsApp-Image-2023-07-23-at-11.42.34-1.jpeg","thumbnail_width":1500,"thumbnail_height":844,"description":"Ayer entraban por nuestras puertas cargados de ilusi\u00f3n los chicos y chicas del turno 1. Nuestros chicos se despidieron de su familia para recibir con los brazos abiertos las experiencias que vivir\u00e1n est\u00e1 inolvidable semana. Tuvieron la oportunidad de conocerse, sembrar los cimientos de unas amistades que perdurar\u00e1n en sus memorias, y de disfrutar de [&hellip;]"}

Campus Fundación Unicaja

¡Arranca el primer turno del Campus Náutico 2023! - Campus Fundación Unicaja

<blockquote class="wp-embedded-content" data-secret="Rlx6et0Pzs"><a href="https://www.fundacionunicaja.com/campus/2023/07/23/arranca-el-primer-turno-del-campus-nautico-2023/">¡Arranca el primer turno del Campus Náutico 2023!</a></blockquote><iframe sandbox="allow-scripts" security="restricted" src="https://www.fundacionunicaja.com/campus/2023/07/23/arranca-el-primer-turno-del-campus-nautico-2023/embed/#?secret=Rlx6et0Pzs" width="600" height="338" title="«¡Arranca el primer turno del Campus Náutico 2023!» — Campus Fundación Unicaja" data-secret="Rlx6et0Pzs" frameborder="0" marginwidth="0" marginheight="0" scrolling="no" class="wp-embedded-content"></iframe><script>
/*! This file is auto-generated */
!function(d,l){"use strict";l.querySelector&&d.addEventListener&&"undefined"!=typeof URL&&(d.wp=d.wp||{},d.wp.receiveEmbedMessage||(d.wp.receiveEmbedMessage=function(e){var t=e.data;if((t||t.secret||t.message||t.value)&&!/[^a-zA-Z0-9]/.test(t.secret)){for(var s,r,n,a=l.querySelectorAll('iframe[data-secret="'+t.secret+'"]'),o=l.querySelectorAll('blockquote[data-secret="'+t.secret+'"]'),c=new RegExp("^https?:$","i"),i=0;i<o.length;i++)o[i].style.display="none";for(i=0;i<a.length;i++)s=a[i],e.source===s.contentWindow&&(s.removeAttribute("style"),"height"===t.message?(1e3<(r=parseInt(t.value,10))?r=1e3:~~r<200&&(r=200),s.height=r):"link"===t.message&&(r=new URL(s.getAttribute("src")),n=new URL(t.value),c.test(n.protocol))&&n.host===r.host&&l.activeElement===s&&(d.top.location.href=t.value))}},d.addEventListener("message",d.wp.receiveEmbedMessage,!1),l.addEventListener("DOMContentLoaded",function(){for(var e,t,s=l.querySelectorAll("iframe.wp-embedded-content"),r=0;r<s.length;r++)(t=(e=s[r]).getAttribute("data-secret"))||(t=Math.random().toString(36).substring(2,12),e.src+="#?secret="+t,e.setAttribute("data-secret",t)),e.contentWindow.postMessage({message:"ready",secret:t},"*")},!1)))}(window,document);
//# sourceURL=https://www.fundacionunicaja.com/campus/wp-includes/js/wp-embed.min.js
</script>

Ayer entraban por nuestras puertas cargados de ilusión los chicos y chicas del turno 1. Nuestros chicos se despidieron de su familia para recibir con los brazos abiertos las experiencias que vivirán está inolvidable semana. Tuvieron la oportunidad de conocerse, sembrar los cimientos de unas amistades que perdurarán en sus memorias, y de disfrutar de [&hellip;]
